 = 8 + 5. What is the remainder when (-4)/k + (-768)/(-20) is divided by v?
12
Suppose 2*g = 4*q - 14, 4*g = -g - q + 9. Suppose -9*z + 10 = -4*z. What is the remainder when z is divided by g?
0
What is the remainder when 104 is divided by -3*5/30*-42?
20
Let b(j) = -j**2 - 3*j + 2. Let h be b(-4). Let z = h + 10. Suppose -i - 2*i + 66 = 0. Calculate the remainder when i is divided by z.
6
Suppose 23 + 12 = -5*h. Let b(j) = -j**2 + 1. Let v(u) = -6*u**2 - 7*u + 13. Let l(g) = -5*b(g) + v(g). What is the remainder when 23 is divided by l(h)?
7
Let g = 78 + -53. Calculate the remainder when g is divided by 7.
4
Let o(z) = -z + 13. Calculate the remainder when 182 is divided by o(-10).
21
Let y(c) = c**2 - 5*c + 5. Suppose 2*z - 4 = 4. Let g be y(z). Let b(p) = 2*p. What is the remainder when b(g) is divided by 2?
0
Let a = -26 + 5. Let m = 4 - a. What is the remainder when m is divided by 14?
11
Suppose 3*k = 6*k + 2*v - 57, -k = v - 20. Calculate the remainder when 31 is divided by k.
14
Suppose 4*t + 3*x + 8 = -x, 0 = -t + 2*x + 10. Suppose 3*u - 3*g = 15 + 36, -t*u + 31 = -g. What is the remainder when ((-6)/(-8))/(3/216) is divided by u?
12
Suppose 19 = 2*f - 17. Let t = 112 + -107. Calculate the remainder when f is divided by t.
3
Calculate the remainder when 2/((2 - -1)/36) is divided by 14.
10
Suppose -5*f + 61 = -9. Let k(o) = -o**2 - 12*o - 6. Let g be k(-9). Let h = -13 + g. What is the remainder when f is divided by h?
6
Let t = 51 - 28. Calculate the remainder when t is divided by 6.
5
Suppose -4*b - 7 = 13, 4*b = -4*l. Let i(a) = -a**2 + a + 2. Let o be i(-2). Let r(f) = -3*f - 4. What is the remainder when r(o) is divided by l?
3
Suppose 5*l = -5, -l - 1 = 2*c - 4. Suppose 2*q = c*r, 3*r + 4*q - 18 = r. What is the remainder when 7 is divided by r?
1
Let o = -75 + 81. Calculate the remainder when 7 is divided by o.
1
Let m = 4 + 9. Suppose -q = -4*t - 26 - 43, -4*t = -2*q + 118. Calculate the remainder when q is divided by m.
10
Let h be (-6)/(-6)*2*-3. Let x = 16 + h. What is the remainder when 38 is divided by x?
8
Suppose -2*f - 3*v - v + 44 = 0, -5*f + 5*v = -125. What is the remainder when f is divided by 10?
4
Suppose -105 = 3*g - 8*g - 5*s, 2*s + 77 = 5*g. What is the remainder when 48 is divided by g?
14
Suppose 4*j + 5*p - 101 = -24, 25 = 5*p. Calculate the remainder when j is divided by 8.
5
Calculate the remainder when 25 is divided by (1/(-3))/(3/(-63)).
4
Suppose 20 = 5*r - 0*r. Suppose r*n = -n - 5. What is the remainder when (n + 2 + 0)*14 is divided by 5?
4
What is the remainder when 74 is divided by (-12)/54 + 346/18?
17
Suppose -2*l + 10 + 32 = 0. Let d = -9 + l. What is the remainder when d is divided by 7?
5
Suppose -5*g + 694 = 159. What is the remainder when g is divided by 33?
8
Suppose 10*a + 48 = 16*a. Let k be (1 + 4)*(-24)/(-10). Calculate the remainder when -1 + 0 + 2 + k is divided by a.
5
Let m(j) = j**3 - 5*j**2 - 6*j - 9. Calculate the remainder when m(8) is divided by 46.
43
Suppose -4*t = 4*a + 228, -3*a = -3*t + 2*a - 163. Let c = -38 - t. Calculate the remainder when c is divided by 5.
3
Suppose -6 = -38*m + 37*m. What is the remainder when m is divided by 2?
0
Suppose -2*c - 29 = 23. Let h = -13 - c. Let v(i) = -i**3 - 8*i**2 + 8*i - 2. What is the remainder when h is divided by v(-9)?
6
Let o = -9 - -9. Suppose -4*q = -h + 10 + 8, 2*q + 10 = o. What is the remainder when (-104)/h*15/20 is divided by 10?
9
Let s(w) = 0*w - w**3 + w - 9*w**2 - 3*w + 4. Suppose 129 = 4*k - k. Calculate the remainder when k is divided by s(-9).
21
Let o = 23 + -18. Let r = 31 + -18. What is the remainder when r is divided by o?
3
Suppose -3*h + s = -4*s, -4*h + 3*s = 0. Suppose g - 2*g + 3 = h. What is the remainder when 7 is divided by g?
1
Suppose 9*o - 8*o - 3 = 0. What is the remainder when o*-1 - (5 + -11) is divided by 2?
1
Let q be 0 + 4 + (-189)/(-3). Let g = q - 45. Let k = 12 + 0. Calculate the remainder when g is divided by k.
10
Suppose -2*f - f = -9. Let g(x) = x**3 + 12 + x**f - x**2 - 3*x**3. Calculate the remainder when g(0) is divided by 7.
5
What is the remainder when 20 is divided by 2/7 + 375/35?
9
Suppose -129 = 24*c - 27*c. What is the remainder when c is divided by 9?
7
Suppose -16 = -5*k - 1. Suppose 0 = 2*g + k*t - 119, 2*g - 115 = 2*t + 9. What is the remainder when g is divided by 21?
19
Let z = 2 - 0. Suppose -4 = -2*y + 6, -4*y + 26 = i. Suppose -z*t = -b - i, -b + 14 = t + 5. What is the remainder when 10 is divided by b?
2
Let p(v) be the first derivative of -v**3/3 - v**2/2 + 4*v + 4. Let d be p(-4). Let o = -3 - d. What is the remainder when 8 is divided by o?
3
Let z = 137 + -82. Let w(m) = -m**2 + 11*m - 9. Calculate the remainder when z is divided by w(7).
17
Let b = 9 + -5. Let z = 0 + b. Suppose -z = -2*p - 2. Calculate the remainder when 1 is divided by p.
0
Let h = -33 + 154. Let i = -84 + h. What is the remainder when i is divided by 13?
11
Suppose -9 = -3*d - b, -3*b + 1 = -d - 3*d. What is the remainder when 3 is divided by d?
1
Let c(l) = -3*l**3 + l**2 - l - 2. Let g = -10 - -8. Suppose 3*v = 9, b - 5*v = 6*b - 65. What is the remainder when c(g) is divided by b?
8
Suppose -1 = f - 19. Suppose 4*m - f = -a, -6*m + m = -a + 18. Suppose -o - 9 = -c, -3*c + 5*o - a = -5*c. What is the remainder when 34 is divided by c?
7
Suppose 6 = 2*o - 4. Calculate the remainder when 17 is divided by o.
2
Let k(i) = -i**3 + 6*i**2 - 4*i + 3. Let j be k(2). What is the remainder when 9 is divided by -1 + (-2 - (3 - j))?
4
What is the remainder when ((-56)/10)/(15/25 + -1) is divided by 5?
4
Suppose 3*x + 5*o - 3 = 14, -3*o = -3*x + 9. Suppose -2*b = n - 6, -x*b - 3*n + 6*n + 12 = 0. Calculate the remainder when (-2 + 4)*(-40)/(-16) is divided by b.
2
Let h(w) = w**2 + w - 1. Let q(u) = -7*u**2 - 19*u + 2. Let s(p) = -4*h(p) - q(p). What is the remainder when 37 is divided by s(-6)?
17
Suppose -16 + 0 = -4*d. Let y(s) be the third derivative of s**5/60 - s**4/4 - s**3/6 + s**2. What is the remainder when y(7) is divided by d?
2
Suppose -2 = -2*a + 6. What is the remainder when (2*69/(-12))/((-5)/10) is divided by (2/a)/((-1)/(-24))?
11
Let l = 22 - -1836. Suppose 5*q - c = -551 + l, 4*c = -q + 253. What is the remainder when ((-2)/6)/((-3)/q) is divided by 15?
14
Suppose -5*l = f - 13, -2*f = -0*l - 4*l + 2. Suppose 0 = u + f*a - 42, u = 4*u - 2*a - 104. What is the remainder when u is divided by 13?
10
Suppose 7*v = -334 + 1363. Calculate the remainder when v is divided by 25.
22
Suppose 6*x + 125 - 611 = 0. Calculate the remainder when x is divided by 21.
18
Let p = -1 - -3. Suppose -2*d = -2, 3*f = p*d - d + 47. Suppose -6*w = -3*w - 18. What is the remainder when f is divided by w?
4
Let z(k) be the second derivative of k**3/2 - 2*k. Let r = -1 + 18. What is the remainder when r is divided by z(2)?
5
Suppose -4*c + 128 + 28 = 0. Suppose -5*o - 8*o + 130 = 0. What is the remainder when c is divided by o?
9
Calculate the remainder when 3*(200/12 - 3) is divided by 14.
13
Let r(z) = -10*z + 1. Let g(h) = h**3 + h**2 - 3*h - 3. Let v be g(-2). Calculate the remainder when r(v) is divided by 7.
4
Let f(s) = 2*s**2 + 3*s - 3. What is the remainder when 33 is divided by f(-4)?
16
Let q = -2 + 11. Suppose 4*y = y - 189. Let s = 89 + y. Calculate the remainder when s is divided by q.
8
Calculate the remainder when 73 is divided by 26 - 4 - (0 + 3).
16
Let k(x) = -x**3 - 4*x**2 - x - 2. Calculate the remainder when 6 is divided by k(-4).
0
Let i(v) = -v**3 - 5*v**2 + 2*v - 7. Let w(z) be the first derivative of 3*z**2 - 3*z - 2. What is the remainder when i(-6) is divided by w(2)?
8
Suppose -7*n = -9*n + 84. Calculate the remainder when (9/(-6))/((-1)/n) is divided by 11.
8
Suppose 4*i = 2*i + 52. What is the remainder when (-4)/26 - (-732)/i is divided by 11?
6
Suppose 304 = -9*y + 17*y. Calculate the remainder when y is divided by 4.
2
Let s(i) be the first derivative of i**4/4 + 2*i - 2. Let p be s(0). What is the remainder when 5 is divided by (-5)/(-2) - p/(-4)?
2
Let f(j) = 3*j + 8. What is the remainder when f(4) is divided by 11?
9
Suppose 5*a = o + 15, 3*o + 0*o - 55 = -5*a. What is the remainder when 27 is divided by o?
7
Let n be (-260)/(-36) + (-4)/18. Suppose 2*y + 40 = n*y. Ca